 t = 2345 - 1353. List the prime factors of t.
2, 31
Let u = -41 + 47. Suppose -225 = -u*l + 165. What are the prime factors of l?
5, 13
Suppose -3*d = d - 1360. Suppose 5*k + 5*n = d, -5*k + 0*n + 334 = 3*n. What are the prime factors of k?
5, 13
Let j be 2/14 + (-1675)/(-35). Suppose j = -4*d + 8*d. Let v = 29 - d. List the prime factors of v.
17
Let b(v) = v**2 + 10*v + 3. Let l be b(-10). Suppose 0 = w - l, 7*x = 2*x - 4*w - 233. Let o = -29 - x. List the prime factors of o.
2, 5
Suppose -4*a = -6*a + 2*k + 1294, -1286 = -2*a + 4*k. What are the prime factors of a?
3, 7, 31
Let c(g) = -2*g**3 - 9*g**2 - g - 5. Let q be (7/(-28) + 46/(-8))*1. List the prime factors of c(q).
109
Suppose p + 3 = 7. Suppose 0 = 4*r + 5 + 3, -f + 13 = -p*r. Suppose -4 = -q, f*q = 4*x + q - 36. List the prime factors of x.
13
Let w be 0 + 2 - (-1 + -68). Suppose -f + d = -50, -f + 0*d - 4*d + 50 = 0. Let p = w - f. What are the prime factors of p?
3, 7
Let r(s) = -s**3 + 10*s**2 + 14. Let i(o) = o**3 + 14*o**2 - 16*o - 5. Let a be i(-15). What are the prime factors of r(a)?
2, 7
Let a be (-3)/12 + 3625/20. Suppose 5*g - 4*c = a, c - 140 = -4*g + 3*c. List the prime factors of g.
3, 11
Let d(n) = -2*n - 3. Let a be d(-4). Let j(c) = 8*c + 2. Let b be j(-6). What are the prime factors of (b/a)/((-8)/20)?
23
Suppose x - s = -5*s + 39, -3*x = -s - 52. Let b = 49 - x. Suppose -2 = 2*y - z - z, -5*y - 2*z + b = 0. List the prime factors of y.
2
Let j(f) = -3 - 7*f - 8*f + 9*f. Let k be j(-2). What are the prime factors of 2/k - (-1750)/63?
2, 7
Let x = 975 + 4538. List the prime factors of x.
37, 149
Suppose 0 = -0*d - 3*d + 6. Suppose -2*f - c + 3 = d, 5*f - 40 = 5*c. Suppose -f*s - 3*s = -144. What are the prime factors of s?
2, 3
Suppose -49 = o - 294. Let m = o - 113. List the prime factors of m.
2, 3, 11
Suppose q + 4 = -3*q, 0 = 5*i + 5*q - 15. Suppose 0 = -4*l + 2*p + 13 + 7, -i*p = -3*l + 25. Suppose -2*o + 20 = l*o. What are the prime factors of o?
2
Suppose 776 = 2*q - 4*o, 837 = 2*q + 3*o + 26. Suppose -82 = -5*t + q. What are the prime factors of t?
2, 3
Let l(q) = 2*q**2 - q + 2. Let r(z) = z**2 - 9*z + 6. Let c be r(8). Let k be 3/c*(13 - 15). What are the prime factors of l(k)?
17
Let c be (-375)/(-10)*(8 + -2). Suppose 0 = -3*n + c + 183. What are the prime factors of n?
2, 17
Let m = -75 - -75. Suppose 2*b - h - 213 = m, 3*b = 5*h + 80 + 229. List the prime factors of b.
2, 3
Let t = 192 - 87. Suppose 2*d + 5*i = 3, -i - 1 = d + 4*i. Suppose -d*l + l + t = 0. What are the prime factors of l?
5, 7
Let m = 77 + 232. Suppose 0 = -2*u - 3*p + m, 5*u = p - 3*p + 789. What are the prime factors of u?
3, 53
Suppose o + 3*q = 278 + 1177, -q = -2. List the prime factors of o.
3, 7, 23
Let b(a) = a**3 - 11*a**2 - 12*a - 24. Let i be b(13). Let p = i - 112. List the prime factors of p.
2, 23
Let c be ((-6)/12)/(2/32). Let j = 8 + c. Suppose 0 = l - 3*f + 2 - 59, 3*l - 3*f - 159 = j. What are the prime factors of l?
3, 17
Let b(u) be the first derivative of -u**4/4 + 13*u**3/3 - 13*u**2/2 - 10*u - 1. Let w be b(11). Let p = w - 35. What are the prime factors of p?
2, 3
Suppose -4*p = -0*p - 4. Let i be (3 - (-2)/(-6))*36/(-6). List the prime factors of p + (3 - i - -2).
2, 11
Let x = -15 - -30. Suppose 0 = x*w - 5*w - 500. List the prime factors of w.
2, 5
Let f(v) = -v**2 - v + 3. Let m be f(0). Let n = m - -151. List the prime factors of n.
2, 7, 11
Let y(w) = w**3 - 13*w**2 + 29*w + 10. List the prime factors of y(12).
2, 107
Suppose 3*h + 2*u - 11 = u, h + 3*u = 1. Suppose 7 = n + 4*g - 16, -5*n = -h*g + 5. Suppose -65 = n*y - 8*y. What are the prime factors of y?
13
Let m(c) = c**3 + c**2 + c + 10. Let v be m(4). Suppose 5*q - 131 = v. List the prime factors of q.
3, 5
Let k be ((-18)/4 - -4)*-2. What are the prime factors of (24/10)/(k/30)?
2, 3
Let m be (-10)/(-9 - -4)*(-38)/4. List the prime factors of m*(3 - (3 + -1 - -3)).
2, 19
List the prime factors of 6/9*(-2043)/(-6).
227
Let b = -171 + 267. Suppose 4*p = 3*w - w - 100, 2*w - b = 2*p. What are the prime factors of w?
2, 23
Let g(a) = a**3 - 6*a**2 - 4*a - 1. Suppose -3*m + 14 = -m. Let k be g(m). Let p = -4 + k. List the prime factors of p.
2
Let z be 16 + -3 - (1 - 5). Let s = 33 - z. Let m = 27 - s. What are the prime factors of m?
11
Let x be (36 + -1*2)/2. Let f = 66 + -80. Let h = x + f. What are the prime factors of h?
3
Let s be (-4 - -5)*(5 - 0). Suppose 56 = -s*j + 636. Suppose -28 = 2*z - j. What are the prime factors of z?
2, 11
Let n = -8 - -37. Let j = 34 - n. What are the prime factors of j?
5
Let j = 10 + 0. Let o = 11 - j. List the prime factors of o/((3/(-2))/(-3)).
2
Let f be (-2)/(-3) + 2 + (-44)/(-33). What are the prime factors of 6/f + (-56)/(-64)*20?
19
Let w(m) = -15*m - 9. Suppose -5 + 17 = -6*j. What are the prime factors of w(j)?
3, 7
Suppose -4*r = 2*g - 1114, 5*g + 2*r - 523 = 2270. What are the prime factors of g?
13, 43
Suppose b - 434 - 823 = -3*t, -4*t + 1692 = -4*b. List the prime factors of t.
2, 3, 5, 7
Let r(p) = -3*p + 7. Let c be r(-6). Suppose 0*o - c = -5*o. Suppose -o*m + 40 = 5*j, -2*m = -2*j + 6 + 22. List the prime factors of j.
11
Let g(a) = 27*a + 14. Let z(v) = -13*v - 7. Let k(i) = 4*g(i) + 9*z(i). List the prime factors of k(-7).
2, 7
Let i be 2/8 - (-475)/20. Suppose 5*z - 89 = -i. Suppose -z = -3*h + 23. What are the prime factors of h?
2, 3
Let m(z) = z**2 + 4 + 2*z**2 - 3. List the prime factors of m(-9).
2, 61
Let t(m) = -11*m - 10. Let i be t(-4). Suppose i = 4*p + 2. What are the prime factors of (-2)/(-1)*(2 + p)?
2, 5
Suppose -96 = -4*h + 4*n, 4*n - 24 = -2*h - 0*n. Suppose 50 = u + h. What are the prime factors of u?
2, 3, 5
Suppose -2*c = 4*w - 1588, 25*c - 24*c + 4*w - 796 = 0. List the prime factors of c.
2, 3, 11
Let k = 9 - 13. Let i = 7 + k. Suppose -i*p - p + 72 = 0. What are the prime factors of p?
2, 3
Suppose -2 = -2*h - 4. What are the prime factors of ((-128)/(-6))/(h*4/(-12))?
2
Let m = -25 + 7. Let k be (115 - -1)*18/m. Let u = k - -170. What are the prime factors of u?
2, 3
Let n = 3092 - 2180. Suppose 7*z = n + 852. What are the prime factors of z?
2, 3, 7
Let i(w) = 36*w**3 - 4*w**2 - 2*w - 4. Let l be i(-2). Let k = l - -511. List the prime factors of k.
3, 23
Let s = -1517 + 2476. What are the prime factors of s?
7, 137
Let d = 396 + 154. List the prime factors of d.
2, 5, 11
Suppose 5*j + 5*a = 3985, -439 - 366 = -j - 3*a. List the prime factors of j.
13, 61
Let x(p) = -2*p - 3. Let g(m) = -m - 4. Let b(y) = -y - 5. Let d(f) = -5*b(f) + 6*g(f). Let t(i) = 6*d(i) + x(i). What are the prime factors of t(-2)?
19
Let i be (-2)/(-4) - (-52)/8. Suppose -38 = 3*s + i. Let q = s + 19. What are the prime factors of q?
2
Let c(b) = 3*b**3 + 10*b**2 - 3*b - 5. Let y(r) = r**2 - 1. Let n(a) = c(a) - 6*y(a). Let g = 4 - 2. List the prime factors of n(g).
5, 7
Let b(r) be the third derivative of -r**5/60 - 13*r**4/24 - 7*r**3/6 + 2*r**2. Suppose -2*a - 2 = 2*g, 5*g + a + 16 = g. List the prime factors of b(g).
3, 11
Let y = -1 + 118. List the prime factors of (4 + y/(-6))*-4.
2, 31
Let f be 2/6 + (-194)/6. List the prime factors of f/20*210/(-4).
2, 3, 7
Let q(y) be the first derivative of -23*y**5/60 + y**4/12 + y**3/3 - 12. Let x(d) be the third derivative of q(d). List the prime factors of x(-1).
2, 3
Let n(z) = 41*z + 1. Let f(o) = 27*o + 1. Let b(j) = 8*f(j) - 5*n(j). List the prime factors of b(3).
2, 3
Let g = 2224 - 868. What are the prime factors of g?
2, 3, 113
Let s(p) = 10*p**2 - p - 3. Let u(w) = -19*w**2 + 2*w + 5. Let l(o) = -7*s(o) - 4*u(o). List the prime factors of l(-3).
2, 29
Let m be -2 + (-20)/(-12) + (-268)/6. Let y = 55 - m. What are the prime factors of y?
2, 5
Let v be -68 + 2 + 0/(-3). Let a = v - -140. Suppose 2*y = 4*y - a. What are the prime factors of y?
37
Suppose w - 5*l = -0*w + 32, -3*l + 24 = w. Suppose -6*d - w = -153. What are the prime factors of d?
3, 7
Let d(i) = 30*i + 408. What are the prime factors of d(-8)?
2, 3, 7
Suppose 2*k = -2*s + 1294, 3*s - 8*s = 2*k - 3244. List the prime factors of s.
2, 5, 13
List the prime factors of (20/(-7))/(-5 + 3039/609).
2, 5, 29
What are the prime factors of ((-1)/1 - 13)*606/(-4)?
3, 7, 101
Let u = 240 - 134. Let k = -68 + u. List the prime factors o